divided by ((18 - -3)*20/14)/(-60 - -62)?
14
Let b(c) = -c**3 + 16*c**2 - 5*c - 85. Let o be 2769/142*4/6. What is the remainder when b(o) is divided by 30?
27
Let i = 150 - 131. Let s(b) = 57*b**2 + 4*b + 4. Let a be s(-3). Suppose -i*p - a = -24*p. Calculate the remainder when p is divided by 8.
5
What is the remainder when 237 is divided by 27 + -4 + 10 - 11?
17
Suppose d - 192 = -v, 5*d = 5*v - 79 - 861. Suppose 0 = 3*o - 6, -i = -3*i - o + v. What is the remainder when 467 is divided by i?
91
Suppose 0 = 3*i - 24 + 3. Let u(z) = 223*z + 32159. What is the remainder when u(-144) is divided by i?
5
Suppose 10828 = 4*s + 10*h, -13611 = -5*s - 48*h + 45*h. What is the remainder when s is divided by 63?
18
Suppose -3*o + 26 = z - 18, -2*o + 2*z + 32 = 0. Let r = 8207 + -7955. What is the remainder when r is divided by o?
12
Let m be (-135)/(-6)*4/(-5) - 0. Let c(q) = -q**2 - 20*q + 22. Let r = 355 - 240. What is the remainder when r is divided by c(m)?
57
Suppose -5*n = -4*a - 1608, 3*n - 3*a = 4*n - 314. Suppose -9*v + n = -14*v. Let h = v - -90. What is the remainder when 74 is divided by h?
22
Let x(k) = 8*k**2 + 15*k + 80. Let y = -40 + 68. Calculate the remainder when x(-6) is divided by y.
26
Let h(n) = n**3 - 17*n**2 + 3*n + 13. Let a be h(17). Let v(f) = f**2 + 6*f + 1. Let x be v(-6). Let l = a + x. Calculate the remainder when l is divided by 19.
8
What is the remainder when 1104 is divided by ((-135)/(-165))/(2/242)?
15
Suppose 0 = 12*u - 2431 + 739. Suppose -131*x + u*x = 470. What is the remainder when 165 is divided by x?
24
Suppose -3*j = -c + 269, 205 = -3*j + 2*c - 69. Let y = -45 - j. Suppose -4*q - 31 = -123. What is the remainder when y is divided by q?
20
Let u = 55 - 65. What is the remainder when ((-16)/u)/4 + (-1356)/(-10) is divided by 69?
67
Let u = 12 - 11. Let a be 0/((u - -3)/(-4)). Suppose -t = -3*r + 1 - 18, a = 3*r. Calculate the remainder when t is divided by 10.
7
Let s = 2189 - 1842. What is the remainder when s is divided by 25?
22
Suppose -10*x - 28*x = 16*x - 1242. Calculate the remainder when 202 is divided by x.
18
Calculate the remainder when 326 is divided by 15/6*(7 - (-368)/(-40))*-4.
18
Suppose -74 = -29*r - 8*r. Suppose 171 = 3*y - 4*v, 5*v + 42 = -r*y + 179. Calculate the remainder when y is divided by 20.
1
Let s = 354312 + -354290. Let d = 435 - -48. Calculate the remainder when d is divided by s.
21
Suppose -4*s + 39 = -61. Suppose 5*b = -75 - s. Calculate the remainder when 61 is divided by (128/b)/(2/(-10)).
29
Let r(s) = 32*s**3 - 18*s**3 - s - 15*s**3 - 5*s + 74. What is the remainder when 85 is divided by r(0)?
11
Suppose 99*v + 3456 = 90*v. Let c = -365 - v. Calculate the remainder when 245 is divided by c.
17
Suppose 11*h - 203 - 523 = 0. What is the remainder when 6200 is divided by h?
62
Let h be 0/((-3)/6 + 1/(-2)). Suppose 14*g - 13*g = h. Suppose g = -5*r + 2*m + 68, 0 = -r - 2*m - m + 17. What is the remainder when 26 is divided by r?
12
Let c(q) = q**2 + 62*q - 875. Calculate the remainder when 85 is divided by c(12).
7
Suppose -7*v - 3 + 3 = 0. Let y = v + 19. Calculate the remainder when 5 + 43 + 78/13 is divided by y.
16
Let u(k) be the first derivative of 19*k**2 - 219*k - 90. What is the remainder when u(6) is divided by 6?
3
Let z = -10314 - -10332. What is the remainder when 1849 is divided by z?
13
Let o = -56 + 95. Suppose -u + o = c - 31, 0 = -3*u - c + 208. What is the remainder when u is divided by 15?
9
Let j(r) be the first derivative of 5*r**2 - 28*r + 69. Calculate the remainder when 158 is divided by j(6).
30
Let d = 2121 + -2063. Let y be (0 + 1)*(-2 + 11). Let r = d + y. Calculate the remainder when r is divided by 35.
32
Suppose -x + 1 = -20. What is the remainder when x is divided by (3 - (-27)/(-15))*(-20)/(-3)?
5
Let u = 9799 + -4455. What is the remainder when u is divided by 1781?
1
Let r = 744 + -700. Calculate the remainder when 249/((-361)/(-114) + 1/(-6)) is divided by r.
39
Calculate the remainder when 690 is divided by 336/70 - -9 - (-18)/15.
0
Calculate the remainder when 380 is divided by 78/7*5124/488.
29
Let x(p) = 3*p + 35. Let s(q) = q + 2. Let t be s(-6). Let k = t + 16. What is the remainder when x(-4) is divided by k?
11
Suppose -16*z = 33*z - 577 - 109. Let d = 23 - -1. What is the remainder when d is divided by z?
10
Suppose -4*z = -3*l - 143, -6*z + 178 = -z - 3*l. Suppose -329 - 3946 = -25*y. What is the remainder when y is divided by z?
31
Let b = -4034 - -4042. Calculate the remainder when 2367 is divided by b.
7
Let y be 1/4 - ((-1)/(-4) - -1). Let d(m) = -41*m**3 + 2*m**2 - 9*m - 10. Suppose -2*b = -26 - 4. Calculate the remainder when d(y) is divided by b.
12
Suppose -3*d + 4*y = -75, -34*d + y = -36*d + 39. Calculate the remainder when 181 is divided by d.
13
Let w = -4952 - -4984. Suppose 0*t + t - 25 = 0. Calculate the remainder when w is divided by t.
7
Let u be 156/(-13) + 9 + 1*36. What is the remainder when 1562/u + 5/(-15) is divided by 25?
22
Suppose -1118 = -5*b - 73. Let o(p) = 2*p**2 - 49*p - 10716. Calculate the remainder when b is divided by o(-62).
9
Let t = 3176 - 3135. What is the remainder when 361 is divided by t?
33
Let u(w) = w**2 - 36*w - 65. Calculate the remainder when u(-7) is divided by 60.
56
Let l = 3708 + -3380. What is the remainder when l is divided by 81?
4
Let m = -4491 + 4504. Suppose 2*n + c = 403, 3*n + 2*c - 617 = 3*c. What is the remainder when n is divided by m?
9
Let c(h) = 50*h + 524. Suppose 42 = 5*p - 1153. What is the remainder when p is divided by c(-10)?
23
Let x(d) be the first derivative of -15 + 1/3*d**3 - d**2 + 4*d. What is the remainder when x(9) is divided by 24?
19
Calculate the remainder when (47574/42)/(45/105) is divided by 23.
21
Let b = -3 - -61. Suppose t - 4*s = -t + 24, -5*s - 16 = t. Suppose m - 3 = 0, -5*l + 63 = t*m - 54. Calculate the remainder when b is divided by l.
16
Let k be 20/((-12)/(-3)) - -1. Let z(h) = 1050*h**3 + 5*h + 1044*h**3 - 7 - 6*h**2 - 2093*h**3. What is the remainder when z(k) is divided by 13?
10
Suppose -7*n = -2*m - 9*n + 72, m - 5*n = 12. Calculate the remainder when ((-79)/(-2))/(9/18) is divided by m.
15
Suppose l = -4*m + 734, 4*m = 7*m + 3*l - 537. Calculate the remainder when m is divided by 24.
17
Let d be (-165)/(-22) + (-1)/2. Suppose d = 5*w + 2*w. Calculate the remainder when 43 is divided by 2/w*(-3 + 9).
7
Suppose -v = h - 9613, 0 = h + 1 - 0. Calculate the remainder when v is divided by 130.
124
Let r(u) = 177*u - 13. Let n be r(4). Let m = n + -610. Calculate the remainder when m is divided by 15.
10
Suppose 45*f - 15 - 348 = -93. What is the remainder when 254 is divided by f?
2
Let q = 14503 - 14344. Calculate the remainder when q is divided by (-3)/(-3) + -1 - -55.
49
Let t = 15 - -281. Let h = -293 + t. What is the remainder when 11 is divided by h?
2
Let j(v) = 5*v**3 + 29*v**2 - 11*v - 6. What is the remainder when j(-3) is divided by 25?
3
Let y be (-4)/(-10) + (-1083)/(-5). Calculate the remainder when y/2 - (-1)/(-2) is divided by 147/(-21) + 13 - -22.
24
Let p = 29 - 6. Calculate the remainder when 88/(-55) + (-729)/(-15) is divided by p.
1
Let k(r) = -5*r - 5. Let p be k(-6). Let a = p + -25. Suppose x + 5*x - 510 = a. What is the remainder when x is divided by 22?
19
Calculate the remainder when (2 + -6)*(-4953)/39 is divided by 169.
1
Suppose 3*s - 58 = 23. Let i be (3 - -1)*78/104. Suppose -10 - 35 = -i*d. What is the remainder when s is divided by d?
12
Suppose -18473*x = -18470*x - 699. What is the remainder when 472 is divided by x?
6
Let d be (30/(-9))/(1/(-126)). Let z = d + -260. Let f = -49 + z. Calculate the remainder when f is divided by 28.
27
Let n(b) be the second derivative of -7*b**3/6 + 80*b**2 - 57*b. Calculate the remainder when n(12) is divided by 41.
35
Let p = -68 + 113. Let o(i) = -50 + 6*i**2 + 78*i - 33*i - 35*i. What is the remainder when o(4) is divided by p?
41
Suppose 10*r - 192 = 7*r. Suppose -i + r = 3*i. What is the remainder when (2 + (-10)/4)/((-15)/930) is divided by i?
15
Let u(q) be the second derivative of q**3 + 77*q**2 + q - 2. Calculate the remainder when 151 is divided by u(-22).
19
Suppose g + 81 = 2*g. Let i be 0/2 + -2 + g. Suppose -199 = -6*z - i. Calculate the remaind